{"id":445,"date":"2020-12-10T11:24:15","date_gmt":"2020-12-10T11:24:15","guid":{"rendered":"https:\/\/www.oroverdediroma.it\/?page_id=445"},"modified":"2020-12-10T11:25:34","modified_gmt":"2020-12-10T11:25:34","slug":"informativa-privacy","status":"publish","type":"page","link":"https:\/\/www.oroverdediroma.it\/index.php\/informativa-privacy\/","title":{"rendered":"INFORMATIVA PRIVACY"},"content":{"rendered":"\n[et_pb_section fb_built=&#8221;1&#8243; fullwidth=&#8221;on&#8221; admin_label=&#8221;Header Section&#8221; _builder_version=&#8221;4.7.3&#8243; background_color=&#8221;#000000&#8243; custom_padding=&#8221;|||&#8221; hover_enabled=&#8221;0&#8243; locked=&#8221;off&#8221; sticky_enabled=&#8221;0&#8243;][et_pb_fullwidth_header title=&#8221;Informativa privacy&#8221; text_orientation=&#8221;center&#8221; background_overlay_color=&#8221;rgba(0,0,0,0.4)&#8221; content_max_width_last_edited=&#8221;off|desktop&#8221; admin_label=&#8221;Contents&#8221; _builder_version=&#8221;4.7.3&#8243; title_font=&#8221;Oswald|||on|&#8221; title_text_align=&#8221;center&#8221; title_font_size=&#8221;80px&#8221; title_letter_spacing=&#8221;0.05em&#8221; title_line_height=&#8221;1.5em&#8221; subhead_font=&#8221;Nunito|600|||||||&#8221; subhead_font_size=&#8221;20px&#8221; subhead_line_height=&#8221;1.9em&#8221; background_color=&#8221;rgba(255, 255, 255, 0)&#8221; background_image=&#8221;https:\/\/www.oroverdediroma.it\/wp-content\/uploads\/2020\/12\/olive-branch-dark-with-olives-leaves-scaled.jpg&#8221; parallax=&#8221;on&#8221; parallax_method=&#8221;on&#8221; custom_button_one=&#8221;on&#8221; button_one_text_size=&#8221;15px&#8221; button_one_bg_color=&#8221;#dca57d&#8221; button_one_border_width=&#8221;10px&#8221; button_one_border_color=&#8221;#dca57d&#8221; button_one_border_radius=&#8221;0px&#8221; button_one_letter_spacing=&#8221;3px&#8221; button_one_font=&#8221;Oswald|||on|&#8221; button_one_use_icon=&#8221;off&#8221; custom_margin=&#8221;|||&#8221; custom_padding=&#8221;5%||5%|&#8221; animation_style=&#8221;fade&#8221; animation_starting_opacity=&#8221;50%&#8221; animation_speed_curve=&#8221;ease-in&#8221; hover_enabled=&#8221;0&#8243; title_font_size_tablet=&#8221;60px&#8221; title_font_size_phone=&#8221;40px&#8221; title_font_size_last_edited=&#8221;on|phone&#8221; button_one_border_color_hover=&#8221;#c99872&#8243; button_one_border_radius_hover=&#8221;0px&#8221; button_one_letter_spacing_hover=&#8221;3px&#8221; button_one_bg_color_hover=&#8221;#c99872&#8243; button_one_text_size__hover_enabled=&#8221;off&#8221; button_two_text_size__hover_enabled=&#8221;off&#8221; button_one_text_color__hover_enabled=&#8221;off&#8221; button_two_text_color__hover_enabled=&#8221;off&#8221; button_one_border_width__hover_enabled=&#8221;off&#8221; button_two_border_width__hover_enabled=&#8221;off&#8221; button_one_border_color__hover_enabled=&#8221;on&#8221; button_one_border_color__hover=&#8221;#c99872&#8243; button_two_border_color__hover_enabled=&#8221;off&#8221; button_one_border_radius__hover_enabled=&#8221;on&#8221; button_one_border_radius__hover=&#8221;0px&#8221; button_two_border_radius__hover_enabled=&#8221;off&#8221; button_one_letter_spacing__hover_enabled=&#8221;on&#8221; button_one_letter_spacing__hover=&#8221;3px&#8221; button_two_letter_spacing__hover_enabled=&#8221;off&#8221; button_one_bg_color__hover_enabled=&#8221;on&#8221; button_one_bg_color__hover=&#8221;#c99872&#8243; button_two_bg_color__hover_enabled=&#8221;off&#8221; title_text=&#8221;Olive branch on dark background, with olives and leaves&#8221; sticky_enabled=&#8221;0&#8243;][\/et_pb_fullwidth_header][\/et_pb_section][et_pb_section fb_built=&#8221;1&#8243; admin_label=&#8221;Blog Section&#8221; _builder_version=&#8221;3.22&#8243; background_color=&#8221;#f8f8f8&#8243; custom_padding=&#8221;29px|0px|100px|||&#8221; locked=&#8221;off&#8221;][et_pb_row admin_label=&#8221;CTA Button&#8221; _builder_version=&#8221;3.25&#8243; custom_padding=&#8221;|||&#8221;][et_pb_column type=&#8221;4_4&#8243; _builder_version=&#8221;3.25&#8243; custom_padding=&#8221;|||&#8221; custom_padding__hover=&#8221;|||&#8221;][et_pb_text _builder_version=&#8221;4.7.3&#8243; _module_preset=&#8221;default&#8221; hover_enabled=&#8221;0&#8243; sticky_enabled=&#8221;0&#8243;]<p><span style=\"font-size: 14px;\">INFORMAZIONI SUL TRATTAMENTO DEI DATI PERSONALI<\/span><\/p>\n<p>degli utenti che consultano il sito web oroverdediroma.it ai sensi dell\u2019articolo 13 del Regolamento (UE) 2016\/679<br \/>Le presenti informazioni non riguardano altri siti, pagine o servizi online raggiungibili tramite link ipertestuali eventualmente pubblicati nel sito, ma riferiti a risorse esterne.<\/p>\n<p>TITOLARE DEL TRATTAMENTO<br \/>Titolare del trattamento \u00e8 Gruppi Ricerca Ecologica Lazio &#8211; Codice Fiscale 97849810581, con sede legale in Via Aretusa, 26 &#8211; 00155 Roma, Telefono: +39 0621127987, <br \/>E-mail: info@grelazio.it.<\/p>\n<p>TIPI DI DATI TRATTATI E FINALIT\u00c0 DEL TRATTAMENTO<br \/>Con riferimento ai primi, si ricorda che per la consultazione del sito non \u00e8 richiesto alcun conferimento di dati personali da parte dell\u2019utente. Tuttavia, eventuali contatti con il Titolare, ad esempio per richiedere informazioni su un determinato servizio tramite l\u2019invio spontaneo di messaggi, di posta elettronica o tradizionale, ai recapiti del Titolare indicati sul Sito comportano la successiva acquisizione di tali dati personali del mittente, necessari per rispondere alle richieste, nonch\u00e9 di eventuali altri dati personali inseriti volontariamente dall\u2019utente nelle relative comunicazioni (la comunicazione di dati personali relativi a un minore deve essere effettuata da parte di entrambi i genitori o da persona che eserciti la potest\u00e0 sul minore stesso). Quanto ai dati di navigazione si consideri che i sistemi informatici e i programmi informatici utilizzati per il funzionamento del sito raccolgono alcuni dati personali la cui trasmissione \u00e8 implicita nell\u2019uso dei protocolli di comunicazione di Internet (es. indirizzi IP o nomi a dominio dei computer utilizzati dagli utenti che si connettono al sito, gli indirizzi URI -Uniform Resource Identifier- delle risorse richieste, orario della richiesta, metodo utilizzato nel sottoporre la richiesta al server, dimensione del file ottenuto in risposta, codice numerico circa lo stato della risposta resa dal server -buon fine, errore, ecc.- ed altri parametri relativi al sistema operativo e all\u2019ambiente informatico dell\u2019utente). Bench\u00e9 si tratti di informazioni che non sono raccolte per essere associate a interessati identificati, per loro natura potrebbero, attraverso elaborazioni ed associazioni con dati detenuti da terzi, consentire di identificare gli utenti. Questi dati vengono utilizzati al solo fine di ricavare informazioni statistiche anonime sull\u2019uso del sito e per controllarne il corretto funzionamento. Si evidenzia che i predetti dati potrebbero essere utilizzati per l\u2019accertamento di responsabilit\u00e0 in caso di reati informatici ai danni del Sito o ad altri siti ad esso connessi o collegati: salva questa eventualit\u00e0, allo stato attuale i dati sui contatti web non persistono se non per un massimo di 7 giorni.<\/p>\n<p>FINALIT\u00c0 DEL TRATTAMENTO<br \/>I Dati Personali forniti dall\u2019Interessato e raccolti da GRE Lazio vengono utilizzati al solo fine di permettere una efficiente fruizione dei servizi offerti quali, p.e., la risposta ad eventuali richieste pervenute tramite casella e-mail. Solo previo esplicito e separato consenso da parte dell\u2019Interessato i Dati Personali forniti dal medesimo potranno essere utilizzati per svolgere attivit\u00e0 di marketing ivi compreso la trasmissione di materiale pubblicitario o invito ad eventi o ad altre manifestazioni promosse direttamente o indirettamente dalla Societ\u00e0. I Dati Personali dell\u2019Interessato possono essere utilizzati per la difesa da parte del Titolare in giudizio o nelle fasi propedeutiche alla sua eventuale instaurazione, da abusi nell\u2019utilizzo della stessa o dei servizi connessi da parte dell\u2019Interessato. I Dati Personali, inoltre, potrebbero essere utilizzati per l\u2019accertamento di responsabilit\u00e0 in caso di ipotetici reati informatici ai danni del sito. In assenza di un consenso da parte dell\u2019Interessato potranno essere a lui preclusi taluni servizi in conformit\u00e0 a quanto previsto dal successivo art. 6.<\/p>\n<p>MODALIT\u00c0 DEL TRATTAMENTO \u2013 CONSERVAZIONE<br \/>Il Trattamento dei Dati sar\u00e0 svolto in forma automatizzata e\/o manuale, con modalit\u00e0 e strumenti volti a garantire la massima sicurezza e riservatezza in ottemperanza a quanto previsto dalle previsioni di cui al GDPR. I Dati Personali saranno conservati solamente per il periodo necessario agli scopi per i quali sono stati raccolti e poi trattati e comunque per non oltre 10 anni dalla cessazione del rapporto commerciale e 2 anni per le finalit\u00e0 di marketing. Successivamente a detto periodo tali dati verranno cancellati. I Dati Personali sono trattati presso le sedi operative del Titolare ed in ogni altro luogo in cui le parti coinvolte nel trattamento sono localizzate. Per ulteriori informazioni \u00e8 possibile contattare il Titolare.<\/p>\n<p>DESTINATARI DEI DATI<br \/>I Dati Personali potranno essere comunicati a soggetti appartenenti alle seguenti categorie: i) societ\u00e0 affiliate, ii) soggetti che forniscono servizi per la gestione del sistema informativo usato dalla Societ\u00e0 e delle reti di telecomunicazioni (ivi compresa la posta elettronica), iii)studi o societ\u00e0 nell\u2019ambito di rapporti di assistenza, consulenza e prestazione di servizi in qualsiasi settore e iv) autorit\u00e0 competenti per adempimenti di obblighi di leggi e\/o di disposizioni di organi pubblici, su richiesta. Il Titolare garantisce la massima cura affinch\u00e9 la comunicazione dei Dati Personali ai predetti destinatari riguardi esclusivamente i dati necessari per il raggiungimento delle specifiche finalit\u00e0 cui sono destinati. I Dati Personali raccolti dal Titolare sono conservati nei suoi database e saranno trattati esclusivamente da parte di personale autorizzato. A questi ultimi saranno fornite apposite istruzioni sulle modalit\u00e0 e finalit\u00e0 del trattamento. L\u2019elenco dei responsabili \u00e8 costantemente aggiornato e disponibile presso la sede del Titolare. Tali dati non saranno inoltre comunicati a terzi, salvo quanto sopra previsto e, in ogni caso, nei limiti ivi indicati. Infine, i Dati Personali non saranno oggetto di diffusione, se non nei casi sopra descritti e\/o previsti dalla legge. Ogni ulteriore comunicazione o diffusione potr\u00e0 avvenire solo previo esplicito consenso dell\u2019Interessato. I dati personali raccolti sono altres\u00ec trattati dal personale di GRE Lazio , che agisce sulla base di specifiche istruzioni fornite in ordine a finalit\u00e0 e modalit\u00e0 del trattamento medesimo.<\/p>\n<p>NATURA DEL CONFERIMENTO E RIFIUTO<br \/>Il consenso al trattamento dei Dati Personali \u00e8 facoltativo e, pertanto, l\u2019Interessato \u00e8 libero di non acconsentire al medesimo. La Societ\u00e0, tuttavia, nell\u2019ipotesi di mancato consenso potrebbe trovarsi nell\u2019impossibilit\u00e0 di ottenere quanto richiesto o di usufruire dei servizi offerti dal Titolare del Trattamento (p.e. attivit\u00e0 di marketing). Il mancato consenso al trattamento dei dati di navigazione di cui all\u2019art. 3 impedir\u00e0 all\u2019Utente l\u2019accesso ad alcune sezioni del sito.<\/p>\n<p>DIRITTI DEGLI INTERESSATI<br \/>Gli interessati hanno il diritto di ottenere da GRE Lazio, nei casi previsti, l\u2019accesso ai propri dati personali e la rettifica o la cancellazione degli stessi o la limitazione del trattamento che li riguarda o di opporsi al trattamento (artt. 15 e ss. del Regolamento). L\u2019apposita istanza \u00e8 presentata contattando GRE Lazio Codice Fiscale 97849810581, con sede legale in Via Aretusa, 26 &#8211; 00155 Roma, Telefono: +39 0621127987, E-mail: info@grelazio.it.<\/p>\n<p>DIRITTO DI RECLAMO<br \/>Gli interessati che ritengono che il trattamento dei dati personali a loro riferiti effettuato attraverso questo sito avvenga in violazione di quanto previsto dal Regolamento hanno il diritto di proporre reclamo all\u2019Autorit\u00e0 Garante per la protezione dei dati personali, come previsto dall\u2019art. 77 del Regolamento stesso, o di adire le opportune sedi giudiziarie (art. 79 del Regolamento).<\/p>[\/et_pb_text][\/et_pb_column][\/et_pb_row][\/et_pb_section][et_pb_section fb_built=&#8221;1&#8243; admin_label=&#8221;Footer&#8221; _builder_version=&#8221;4.7.3&#8243; background_color_gradient_direction=&#8221;90deg&#8221; background_image=&#8221;https:\/\/www.oroverdediroma.it\/wp-content\/uploads\/2020\/12\/green-olives-black-background-with-copy-space-scaled.jpg&#8221; parallax=&#8221;on&#8221; custom_padding=&#8221;0px|0px|0px|0px&#8221; saved_tabs=&#8221;all&#8221; locked=&#8221;off&#8221;][et_pb_row column_structure=&#8221;1_2,1_2&#8243; use_custom_gutter=&#8221;on&#8221; gutter_width=&#8221;1&#8243; make_equal=&#8221;on&#8221; admin_label=&#8221;Footer Row&#8221; module_class=&#8221; et_pb_row_fullwidth&#8221; _builder_version=&#8221;3.25&#8243; width=&#8221;100%&#8221; width_tablet=&#8221;100%&#8221; width_phone=&#8221;&#8221; width_last_edited=&#8221;on|desktop&#8221; max_width=&#8221;100%&#8221; max_width_tablet=&#8221;100%&#8221; max_width_phone=&#8221;&#8221; max_width_last_edited=&#8221;on|desktop&#8221; custom_margin=&#8221;|||&#8221; custom_padding=&#8221;0px|0px|0px|0px&#8221; animation_style=&#8221;fade&#8221; make_fullwidth=&#8221;on&#8221;][et_pb_column type=&#8221;1_2&#8243; _builder_version=&#8221;3.25&#8243; background_color=&#8221;rgba(0,0,0,0.6)&#8221; custom_padding=&#8221;100px|10%|100px|10%&#8221; custom_padding_tablet=&#8221;&#8221; custom_padding_phone=&#8221;&#8221; custom_padding_last_edited=&#8221;on|phone&#8221; padding_last_edited=&#8221;on|phone&#8221; custom_padding__hover=&#8221;|||&#8221;][et_pb_text admin_label=&#8221;Tittle&#8221; _builder_version=&#8221;4.7.3&#8243; text_font=&#8221;Oswald||||&#8221; link_font=&#8221;||||||||&#8221; ul_font=&#8221;||||||||&#8221; ol_font=&#8221;||||||||&#8221; quote_font=&#8221;||||||||&#8221; header_font=&#8221;||||||||&#8221; header_2_font=&#8221;Oswald|||on|||||&#8221; header_2_text_align=&#8221;left&#8221; header_2_font_size=&#8221;40px&#8221; header_2_letter_spacing=&#8221;2px&#8221; header_2_line_height=&#8221;1.5em&#8221; background_layout=&#8221;dark&#8221; custom_margin=&#8221;||4%|&#8221; locked=&#8221;off&#8221;]<h2>REGISTRATI ORA<\/h2>[\/et_pb_text][et_pb_text admin_label=&#8221;Texts&#8221; _builder_version=&#8221;4.7.3&#8243; text_font=&#8221;Nunito||||&#8221; text_font_size=&#8221;16px&#8221; text_line_height=&#8221;1.5em&#8221; header_font=&#8221;Oswald|||on|&#8221; header_text_color=&#8221;#DCA57D&#8221; header_font_size=&#8221;16px&#8221; header_letter_spacing=&#8221;2px&#8221; header_line_height=&#8221;1.7em&#8221; header_4_font=&#8221;Oswald|||on|||||&#8221; header_4_text_color=&#8221;#DCA57D&#8221; header_4_font_size=&#8221;16px&#8221; header_4_letter_spacing=&#8221;1px&#8221; header_4_line_height=&#8221;1.5em&#8221; background_layout=&#8221;dark&#8221; custom_margin=&#8221;||6%|&#8221; locked=&#8221;off&#8221;]<h3><strong>WEBINAR L&#8217;ORO VERDE DI ROMA<\/strong><\/h3>\n<p>LUNEDI&#8217; 21 DICEMBRE<\/p>\n<p>ORE 18:00<\/p>[\/et_pb_text][et_pb_button button_text=&#8221;REGISTRATI ALL&#8217;EVENTO&#8221; button_alignment=&#8221;left&#8221; admin_label=&#8221;Texts&#8221; _builder_version=&#8221;4.7.3&#8243; custom_button=&#8221;on&#8221; button_text_size=&#8221;15px&#8221; button_text_color=&#8221;#ffffff&#8221; button_bg_color=&#8221;#12876f&#8221; button_border_width=&#8221;0px&#8221; button_border_color=&#8221;#dca47d&#8221; button_border_radius=&#8221;0px&#8221; button_letter_spacing=&#8221;3px&#8221; button_font=&#8221;Oswald|||on|&#8221; button_use_icon=&#8221;off&#8221; custom_margin=&#8221;|||&#8221; button_border_color_hover=&#8221;#c99872&#8243; button_border_radius_hover=&#8221;0px&#8221; button_letter_spacing_hover=&#8221;3px&#8221; button_bg_color_hover=&#8221;#c99872&#8243; button_text_size__hover_enabled=&#8221;off&#8221; button_one_text_size__hover_enabled=&#8221;off&#8221; button_two_text_size__hover_enabled=&#8221;off&#8221; button_text_color__hover_enabled=&#8221;off&#8221; button_one_text_color__hover_enabled=&#8221;off&#8221; button_two_text_color__hover_enabled=&#8221;off&#8221; button_border_width__hover_enabled=&#8221;off&#8221; button_one_border_width__hover_enabled=&#8221;off&#8221; button_two_border_width__hover_enabled=&#8221;off&#8221; button_border_color__hover_enabled=&#8221;on&#8221; button_border_color__hover=&#8221;#c99872&#8243; button_one_border_color__hover_enabled=&#8221;off&#8221; button_two_border_color__hover_enabled=&#8221;off&#8221; button_border_radius__hover_enabled=&#8221;on&#8221; button_border_radius__hover=&#8221;0px&#8221; button_one_border_radius__hover_enabled=&#8221;off&#8221; button_two_border_radius__hover_enabled=&#8221;off&#8221; button_letter_spacing__hover_enabled=&#8221;on&#8221; button_letter_spacing__hover=&#8221;3px&#8221; button_one_letter_spacing__hover_enabled=&#8221;off&#8221; button_two_letter_spacing__hover_enabled=&#8221;off&#8221; button_bg_color__hover_enabled=&#8221;on&#8221; button_bg_color__hover=&#8221;#c99872&#8243; button_one_bg_color__hover_enabled=&#8221;off&#8221; button_two_bg_color__hover_enabled=&#8221;off&#8221;][\/et_pb_button][\/et_pb_column][et_pb_column type=&#8221;1_2&#8243; _builder_version=&#8221;3.25&#8243; background_color=&#8221;#000000&#8243; custom_padding=&#8221;100px|10%|100px|10%&#8221; custom_padding__hover=&#8221;|||&#8221;][et_pb_text admin_label=&#8221;Texts&#8221; _builder_version=&#8221;4.7.3&#8243; text_font=&#8221;Abel||||||||&#8221; text_font_size=&#8221;21px&#8221; link_font=&#8221;||||||||&#8221; ul_font=&#8221;||||||||&#8221; ol_font=&#8221;||||||||&#8221; quote_font=&#8221;||||||||&#8221; header_font=&#8221;||||||||&#8221; header_2_font=&#8221;Oswald|||on|||||&#8221; header_2_text_align=&#8221;left&#8221; header_2_font_size=&#8221;40px&#8221; header_2_letter_spacing=&#8221;2px&#8221; header_2_line_height=&#8221;1.5em&#8221; background_layout=&#8221;dark&#8221; custom_margin=&#8221;||4%|&#8221; custom_padding=&#8221;|||&#8221; locked=&#8221;off&#8221;]<p><span>GRUPPI RICERCA ECOLOGICA LAZIO<\/span><\/p>[\/et_pb_text][et_pb_text admin_label=&#8221;Texts&#8221; _builder_version=&#8221;4.7.3&#8243; text_font=&#8221;Nunito||||&#8221; text_font_size=&#8221;16px&#8221; header_font=&#8221;Oswald|||on|&#8221; header_text_color=&#8221;#DCA57D&#8221; header_font_size=&#8221;16px&#8221; header_letter_spacing=&#8221;2px&#8221; header_line_height=&#8221;1.7em&#8221; header_4_font=&#8221;Oswald|||on|||||&#8221; header_4_text_color=&#8221;#DCA57D&#8221; header_4_font_size=&#8221;16px&#8221; header_4_letter_spacing=&#8221;1px&#8221; header_4_line_height=&#8221;1.5em&#8221; background_layout=&#8221;dark&#8221; custom_margin=&#8221;||6%|&#8221; locked=&#8221;off&#8221;]<h4>Telefono<\/h4>\n<p>+(39) <span>06 21127987\u00a0<\/span><\/p>[\/et_pb_text][et_pb_text admin_label=&#8221;Texts&#8221; _builder_version=&#8221;4.7.3&#8243; text_font=&#8221;Nunito||||&#8221; text_font_size=&#8221;16px&#8221; header_font=&#8221;Oswald|||on|&#8221; header_text_color=&#8221;#DCA57D&#8221; header_font_size=&#8221;16px&#8221; header_letter_spacing=&#8221;2px&#8221; header_line_height=&#8221;1.7em&#8221; header_4_font=&#8221;Oswald|||on|||||&#8221; header_4_text_color=&#8221;#DCA57D&#8221; header_4_font_size=&#8221;16px&#8221; header_4_letter_spacing=&#8221;1px&#8221; header_4_line_height=&#8221;1.5em&#8221; background_layout=&#8221;dark&#8221; custom_margin=&#8221;||6%|&#8221; locked=&#8221;off&#8221;]<h4>e-mail<\/h4>\n<p><span>info@grelazio.it<\/span><\/p>[\/et_pb_text][et_pb_text admin_label=&#8221;Texts&#8221; _builder_version=&#8221;4.7.3&#8243; text_font=&#8221;Nunito||||&#8221; text_font_size=&#8221;16px&#8221; text_line_height=&#8221;1.5em&#8221; header_font=&#8221;Oswald|||on|&#8221; header_text_color=&#8221;#DCA57D&#8221; header_font_size=&#8221;16px&#8221; header_letter_spacing=&#8221;2px&#8221; header_line_height=&#8221;1.7em&#8221; header_4_font=&#8221;Oswald|||on|||||&#8221; header_4_text_color=&#8221;#DCA57D&#8221; header_4_font_size=&#8221;16px&#8221; header_4_letter_spacing=&#8221;1px&#8221; header_4_line_height=&#8221;1.5em&#8221; background_layout=&#8221;dark&#8221; custom_margin=&#8221;||6%|&#8221; locked=&#8221;off&#8221;]<h4>Indirizzo<\/h4>\n<p><span>Via Aretusa, 26 <br \/>00155 \u2013 Roma<\/span><\/p>[\/et_pb_text][\/et_pb_column][\/et_pb_row][\/et_pb_section]\n","protected":false},"excerpt":{"rendered":"","protected":false},"author":1,"featured_media":0,"parent":0,"menu_order":0,"comment_status":"closed","ping_status":"closed","template":"","meta":{"_et_pb_use_builder":"on","_et_pb_old_content":"","_et_gb_content_width":""},"_links":{"self":[{"href":"https:\/\/www.oroverdediroma.it\/index.php\/wp-json\/wp\/v2\/pages\/445"}],"collection":[{"href":"https:\/\/www.oroverdediroma.it\/index.php\/wp-json\/wp\/v2\/pages"}],"about":[{"href":"https:\/\/www.oroverdediroma.it\/index.php\/wp-json\/wp\/v2\/types\/page"}],"author":[{"embeddable":true,"href":"https:\/\/www.oroverdediroma.it\/index.php\/wp-json\/wp\/v2\/users\/1"}],"replies":[{"embeddable":true,"href":"https:\/\/www.oroverdediroma.it\/index.php\/wp-json\/wp\/v2\/comments?post=445"}],"version-history":[{"count":4,"href":"https:\/\/www.oroverdediroma.it\/index.php\/wp-json\/wp\/v2\/pages\/445\/revisions"}],"predecessor-version":[{"id":452,"href":"https:\/\/www.oroverdediroma.it\/index.php\/wp-json\/wp\/v2\/pages\/445\/revisions\/452"}],"wp:attachment":[{"href":"https:\/\/www.oroverdediroma.it\/index.php\/wp-json\/wp\/v2\/media?parent=445"}],"curies":[{"name":"wp","href":"https:\/\/api.w.org\/{rel}","templated":true}]}}